7 a factor of 20855?
False
Is 496314 a multiple of 351?
True
Does 24 divide 6276504?
True
Does 57 divide 42458?
False
Does 358 divide 939597?
False
Does 18 divide 99504?
True
Is 615465 a multiple of 341?
False
Is 436 a factor of 37932?
True
Is 74928 a multiple of 12?
True
Is 95 a factor of 10307690?
True
Is 193257 a multiple of 154?
False
Does 70 divide 140630?
True
Is 342910 a multiple of 23?
False
Does 24 divide 462045?
False
Is 39083 a multiple of 6?
False
Is 426174 a multiple of 146?
True
Is 734538 a multiple of 2?
True
Does 212 divide 599324?
True
Does 24 divide 443784?
True
Is 160037 a multiple of 14?
False
Is 28407 a multiple of 39?
False
Is 251706 a multiple of 273?
True
Does 596 divide 2126528?
True
Is 14354875 a multiple of 250?
False
Is 176755 a multiple of 73?
False
Is 1066309 a multiple of 11?
False
Is 360 a factor of 103680?
True
Does 69 divide 1601098?
False
Does 25 divide 524450?
True
Is 33 a factor of 3643002?
True
Is 418808 a multiple of 72?
False
Is 49754 a multiple of 3?
False
Is 8 a factor of 14405807?
False
Is 50767 a multiple of 2?
False
Is 31 a factor of 585776?
True
Does 10 divide 3716178?
False
Is 207273 a multiple of 121?
True
Does 78 divide 9281922?
True
Does 17 divide 9554?
True
Is 295596 a multiple of 63?
True
Is 1777253 a multiple of 921?
False
Is 1954 a factor of 6848770?
True
Is 331168 a multiple of 16?
True
Does 6 divide 410412?
True
Is 329 a factor of 900802?
True
Is 19 a factor of 1544891?
False
Is 675 a factor of 11572942?
False
Is 21 a factor of 143791?
False
Is 1530141 a multiple of 377?
False
Is 552 a factor of 950544?
True
Does 34 divide 305014?
True
Is 160 a factor of 1835874?
False
Is 12 a factor of 841332?
True
Is 5 a factor of 302950?
True
Does 46 divide 722667?
False
Is 55 a factor of 5646?
False
Is 8 a factor of 2960776?
True
Does 136 divide 490317?
False
Is 427786 a multiple of 7?
False
Is 8777266 a multiple of 6?
False
Does 79 divide 2024928?
True
Does 131 divide 40872?
True
Does 11 divide 398122?
False
Does 8 divide 1297817?
False
Is 328 a multiple of 13?
False
Is 34179 a multiple of 5?
False
Does 312 divide 4359935?
False
Is 22 a factor of 31944?
True
Is 68 a factor of 118713?
False
Is 271050 a multiple of 69?
False
Does 15 divide 15327?
False
Is 8293120 a multiple of 440?
True
Is 191063 a multiple of 322?
False
Is 436266 a multiple of 219?
False
Is 2276223 a multiple of 215?
False
Is 8059695 a multiple of 295?
True
Is 1341248 a multiple of 4?
True
Is 135 a factor of 11562096?
False
Is 9 a factor of 239544?
True
Is 22 a factor of 594924?
True
Does 137 divide 65692?
False
Is 11840812 a multiple of 964?
True
Does 3 divide 805402?
False
Is 3255467 a multiple of 9?
False
Is 68 a factor of 294827?
False
Is 110251 a multiple of 6?
False
Is 4138021 a multiple of 128?
False
Does 9 divide 384273?
True
Is 1628369 a multiple of 243?
False
Does 25 divide 323938?
False
Is 74 a factor of 233692?
True
Is 40 a factor of 1372506?
False
Is 1000702 a multiple of 37?
True
Does 245 divide 412415?
False
Is 349743 a multiple of 65?
False
Does 37 divide 281936?
False
Is 1699328 a multiple of 722?
False
Is 13 a factor of 4339829?
True
Is 1437639 a multiple of 1343?
False
Does 7 divide 5585090?
True
Is 67 a factor of 2451325?
False
Is 10010537 a multiple of 67?
True
Does 51 divide 390582?
False
Is 17 a factor of 3632?
False
Does 38 divide 11577068?
False
Is 9411 a multiple of 165?
False
Does 61 divide 1544398?
True
Is 61 a factor of 393633?
True
Is 2552375 a multiple of 10?
False
Is 82455 a multiple of 9?
False
Is 1753357 a multiple of 55?
False
Is 25 a factor of 18350?
True
Is 33179517 a multiple of 1920?
False
Does 27 divide 3837132?
True
Does 32 divide 391793?
False
Is 567859 a multiple of 34?
False
Is 458419 a multiple of 13?
True
Does 185 divide 197947?
False
Is 7905900 a multiple of 19?
True
Is 5853712 a multiple of 5?
False
Is 12 a factor of 482642?
False
Is 323136 a multiple of 108?
True
Does 43 divide 200380?
True
Is 4267247 a multiple of 422?
False
Is 349 a factor of 3637627?
True
Is 329043 a multiple of 11?
True
Does 19 divide 463438?
False
Is 776628 a multiple of 14?
False
Is 50491 a multiple of 32?
False
Is 40 a factor of 11882276?
False
Does 14 divide 225162?
True
Does 3 divide 1903076?
False
Is 8700 a multiple of 81?
False
Is 2192355 a multiple of 99?
True
Is 158137 a multiple of 133?
True
Is 161697 a multiple of 314?
False
Does 153 divide 2863701?
True
Does 67 divide 1392863?
True
Does 15 divide 545460?
True
Is 128 a factor of 28454656?
True
Is 9879635 a multiple of 188?
False
Is 17580584 a multiple of 59?
True
Does 28 divide 2332609?
False
Is 1552384 a multiple of 32?
True
Is 2452954 a multiple of 7?
True
Does 165 divide 9216476?
False
Does 65 divide 9438497?
False
Is 246 a factor of 349622?
False
Is 1001310 a multiple of 50?
False
Is 2784656 a multiple of 752?
True
Is 21369520 a multiple of 610?
True
Is 31 a factor of 839037?
False
Is 196 a factor of 98077?
False
Is 79 a factor of 280608?
True
Does 7 divide 1260259?
True
Is 5822 a multiple of 19?
False
Is 741349 even?
False
Does 176 divide 2337104?
True
Does 1616 divide 6147264?
True
Does 62 divide 2015806?
True
Does 15 divide 1527940?
False
Does 283 divide 328571?
False
Is 3978663 a multiple of 221?
True
Is 501 a factor of 1213613?
False
Does 9 divide 400857?
False
Is 4550424 a multiple of 34?
True
Does 81 divide 26730?
True
Is 192 a factor of 23000024?
False
Does 8 divide 2299240?
True
Is 373 a factor of 356961?
True
Is 16 a factor of 2057615?
False
Is 11658841 a multiple of 173?
False
Is 8711515 a multiple of 191?
False
Is 4923975 a multiple of 25?
True
Is 141 a factor of 8603264?
False
Is 1412160 a multiple of 48?
True
Is 107154 a multiple of 19?
False
Does 3 divide 67665?
True
Is 1222749 a multiple of 69?
True
Does 53 divide 832524?
True
Is 6271175 a multiple of 1174?
False
Does 116 divide 57652?
True
Is 7 a factor of 141946?
True
Is 149 a factor of 107018?
False
Is 18 a factor of 272466?
True
Is 275776 a multiple of 556?
True
Is 10 a factor of 140382?
False
Is 144540 a multiple of 132?
True
Does 64 divide 20909250?
False
Is 107392 a multiple of 8?
True
Does 427 divide 175070?
True
Is 95174 a multiple of 13?
False
Is 9340968 a multiple of 47?
True
Is 3285660 a multiple of 20?
True
Is 70 a factor of 12477290?
True
Does 102 divide 5073990?
True
Is 189386 a multiple of 25?
False
Is 153 a factor of 474147?
True
Is 82 a factor of 1456082?
False
Is 369747 a multiple of 8?
False
Does 47 divide 1061307?
True
Is 107 a factor of 165180?
False
Does 17 divide 1208618?
False
Is 72372 a multiple of 6?
True
Is 8401904 a multiple of 10?
False
Does 737 divide 1778415?
False
Does 44 divide 5606994?
False
Is 12 a factor of 103855?
False
Is 887032 a multiple of 902?
False
Is 81229 a multiple of 12?
False
Does 47 divide 259460?
False
Is 17 a factor of 1317576?
False
Is 5 a factor of 858860?
True
Is 29 a factor of 13195997?
False
Does 1224 divide 9796896?
True
Is 8 a factor of 3281904?
True
Does 25 divide 191500?
True
Does 434 divide 490339?
False
Is 250737 a multiple of 68?
False
Is 9 a factor of 679311?
True
Is 249 a factor of 12361605?
True
Is 842273 a multiple of 145?
False
Does 82 divide 10642616?
True
Is 498256 a multiple of 53?
False
Is 15583152 a multiple of 78?
True
Is 19861 a multiple of 2?
False
Does 245 divide 10551084?
False
Does 70 divide 30822?
False
Is 41612 a multiple of 15?
False
Is 102775 a multiple of 47?
False
Does 176 divide 2237136?
True
Is 872 a factor of 2455726?
False
Is 6 a factor of 546278?
False
Does 7 divide 497895?
False
Is 49557 a multiple of 16?
False
Is 18 a factor of 4262448?
False
Is 2995001 a multiple of 17?
False
Is 193 a factor of 437917?
True
Does 2 divide 2429822?
True
Is 643 a factor of 5719782?
False
Is 274455 a multiple of 27?
True
Does 15 divide 1122780?
True
Does 4 divide 19280?
True
Does 79 divide 186914?
True
Is 5995296 a multiple of 324?
True
Is 342105 a multiple of 585?
False
Does 37 divide 2374095?
False
Is 17 a factor of 12284047?
True
Is 2599710 a multiple of 3?
True
Does 27 divide 42561?
False
Does 86 divide 9051500?
True
Is 145 a factor of 103463?
False
Is 166 a factor of 34212?
False
Is 1195589 a multiple of 359?
False
Does 447 divide 17573184?
False
Does 9 divide 308250?
True
Does 218 divide 6774561?
False
